igit of 1208514970?
0
What is the hundreds digit of 347724437?
4
What is the thousands digit of 50203477?
3
What is the thousands digit of 1237348829?
8
What is the hundred millions digit of 193431512?
1
What is the thousands digit of 39889752?
9
What is the thousands digit of 27554181?
4
What is the hundreds digit of 23101221?
2
What is the hundred thousands digit of 68712865?
7
What is the hundreds digit of 153311324?
3
What is the millions digit of 47766879?
7
What is the ten thousands digit of 190789499?
8
What is the tens digit of 1062581?
8
What is the hundred thousands digit of 1243456973?
4
What is the ten millions digit of 89019440?
8
What is the units digit of 1476919224?
4
What is the hundreds digit of 225001289?
2
What is the thousands digit of 205821818?
1
What is the units digit of 149938962?
2
What is the ten millions digit of 60895106?
6
What is the tens digit of 279078813?
1
What is the units digit of 80998?
8
What is the ten millions digit of 306743589?
0
What is the tens digit of 882291594?
9
What is the ten millions digit of 80591372?
8
What is the tens digit of 278760800?
0
What is the millions digit of 50513617?
0
What is the billions digit of 2947176070?
2
What is the units digit of 238711267?
7
What is the tens digit of 3311069702?
0
What is the hundred thousands digit of 26292398?
2
What is the tens digit of 39294223?
2
What is the hundreds digit of 1603033805?
8
What is the ten millions digit of 1012464570?
1
What is the tens digit of 1231138?
3
What is the units digit of 117936691?
1
What is the thousands digit of 132263209?
3
What is the hundreds digit of 59080023?
0
What is the ten thousands digit of 464719621?
1
What is the ten millions digit of 197945149?
9
What is the thousands digit of 299317918?
7
What is the millions digit of 32284523?
2
What is the thousands digit of 58244584?
4
What is the thousands digit of 528182344?
2
What is the millions digit of 52684556?
2
What is the hundreds digit of 1693608166?
1
What is the hundreds digit of 13154181?
1
What is the millions digit of 55425611?
5
What is the hundreds digit of 313710698?
6
What is the billions digit of 1040553950?
1
What is the ten millions digit of 2385239154?
8
What is the hundred thousands digit of 173267990?
2
What is the thousands digit of 108751900?
1
What is the millions digit of 27110473?
7
What is the hundreds digit of 898005047?
0
What is the hundreds digit of 309613998?
9
What is the units digit of 18035554?
4
What is the units digit of 149297036?
6
What is the tens digit of 675571413?
1
What is the ten thousands digit of 44125490?
2
What is the hundred thousands digit of 1445571961?
5
What is the hundred millions digit of 3035292598?
0
What is the millions digit of 85151327?
5
What is the ten millions digit of 7192336350?
9
What is the ten millions digit of 154624099?
5
What is the hundred millions digit of 113677018?
1
What is the units digit of 35961202?
2
What is the units digit of 198080099?
9
What is the ten millions digit of 512224556?
1
What is the millions digit of 175741222?
5
What is the ten thousands digit of 2395633472?
3
What is the tens digit of 1452166755?
5
What is the hundred thousands digit of 164308266?
3
What is the thousands digit of 12646480?
6
What is the hundreds digit of 710749337?
3
What is the units digit of 165856270?
0
What is the thousands digit of 378934748?
4
What is the hundred thousands digit of 16088716?
0
What is the units digit of 74677150?
0
What is the millions digit of 1059290470?
9
What is the hundred millions digit of 183736034?
1
What is the ten thousands digit of 712012414?
1
What is the thousands digit of 47755105?
5
What is the millions digit of 37052381?
7
What is the thousands digit of 2318188824?
8
What is the ten millions digit of 652024925?
5
What is the millions digit of 695736555?
5
What is the hundred millions digit of 530965237?
5
What is the hundreds digit of 906501709?
7
What is the thousands digit of 1417206?
7
What is the units digit of 95367634?
4
What is the millions digit of 65071959?
5
What is the thousands digit of 56979283?
9
What is the hundred thousands digit of 210703992?
7
What is the hundred thousands digit of 126996308?
9
What is the units digit of 61081637?
7
What is the billions digit of 1984114539?
1
What is the ten millions digit of 3993732289?
9
What is the hundred millions digit of 1368440410?
3
What is the hundreds digit of 7462938627?
6
What is the billions digit of 1004965627?
1
What is the millions digit of 54587376?
4
What is the hundred millions digit of 339142420?
3
What is the units digit of 823403886?
6
What is the ten millions digit of 29122015?
2
What is the hundreds digit of 99950170?
1
What is the ten thousands digit of 1298738919?
3
What is the thousands digit of 926797508?
7
What is the hundred thousands digit of 25587595?
5
What is the thousands digit of 40782128?
2
What is the tens digit of 1061932671?
7
What is the hundred thousands digit of 2153201942?
2
What is the hundred thousands digit of 4149460?
1
What is the hundred millions digit of 685106291?
6
What is the ten thousands digit of 287175390?
7
What is the thousands digit of 85821077?
1
What is the millions digit of 2477143063?
7
What is the ten thousands digit of 6610757?
1
What is the hundreds digit of 986875341?
3
What is the tens digit of 34954066?
6
What is the hundreds digit of 57827066?
0
What is the tens digit of 2223678262?
6
What is the ten millions digit of 37205989?
3
What is the thousands digit of 145005006?
5
What is the ten thousands digit of 321584285?
8
What is the thousands digit of 146919141?
9
What is the units digit of 68571710?
0
What is the thousands digit of 49055046?
5
What is the ten thousands digit of 33017666?
1
What is the millions digit of 48327169?
8
What is the units digit of 946599?
9
What is the ten millions digit of 36580101?
3
What is the billions digit of 2336126074?
2
What is the millions digit of 146551582?
6
What is the ten thousands digit of 55019430?
1
What is the millions digit of 250545066?
0
What is the billions digit of 3622389837?
3
What is the millions digit of 54202498?
4
What is the millions digit of 21876378?
1
What is the units digit of 852107611?
1
What is the hundred millions digit of 126322480?
1
What is the ten millions digit of 1050595192?
5
What is the thousands digit of 2110501733?
1
What is the millions digit of 702511323?
2
What is the ten thousands digit of 40110917?
1
What is the hundreds digit of 614743976?
9
What is the units digit of 630851373?
3
What is the units digit of 304656872?
2
What is the units digit of 25979735?
5
What is the hundreds digit of 71290468?
4
What is the millions digit of 29305881?
9
What is the units digit of 79551599?
9
What is the thousands digit of 6314733?
4
What is the hundreds digit of 894732500?
5
What is the units digit of 71867112?
2
What is the tens digit of 895347856?
5
What is the tens digit of 1218264557?
5
What is the millions digit of 90649080?
0
What is the ten millions digit of 1725756211?
2
What is the millions digit of 29642286?
9
What is the billions digit of 2083219878?
2
What is the tens digit of 20097427?
2
What is the hundreds digit of 150022300?
3
What is the hundred millions digit of 392433398?
3
What is the hundred thousands digit of 105924357?
9
What is the units digit of 255907220?
0
What is the units digit of 80725379?
9
What is the hundreds digit of 51727549?
5
What is the tens digit of 16721226?
2
What is the ten millions digit of 11807553?
1
What is the ten millions digit of 276821860?
7
What is the ten millions digit of 578656213?
7
What is the units digit of 231471051?
1
What is the billions digit of 1155449558?
1
What is the millions digit of 63449272?
3
What is the hundred thousands digit of 29465104?
4
What is the ten millions digit of 4732058027?
3
What is the hundred thousands digit of 70569381?
5
What is the tens digit of 2625528886?
8
What is the ten thousands digit of 4710674277?
7
What is the tens digit of 12075380?
8
What is the hundred millions digit of 117771998?
1
What is the ten thousands digit of 187693203?
9
What is the ten thousands digit of 476081?
7
What is the thousands digit of 4924172?
4
What is the millions digit of 332771478?
2
What is t